18 - (-8)/(-36). What is the units digit of j + 14 + (-5)/(-5)?
4
Suppose -2*j = -6*j - 32. Let t = -12 - j. Let c = 0 - t. What is the units digit of c?
4
Suppose -17*y = -18*y + 93. What is the tens digit of y?
9
Let j = 15 + -17. Let o(t) = -2*t**3 - t**2 - 1. What is the units digit of o(j)?
1
Let o = 78 - 48. What is the tens digit of o?
3
Let t = 6 + -7. Let m = t + 8. What is the units digit of m?
7
Let w(z) = -z**2 + 8*z - 3. Let r be w(9). What is the units digit of (-64)/r + 3/(-9)?
5
Let x(h) be the first derivative of 2*h**3/3 + 2*h**2 - 5*h + 3. Suppose 4*i + 2*r + 13 = 5, -i - 3*r + 8 = 0. What is the tens digit of x(i)?
1
Suppose -19*v + 110 = -17*v. What is the units digit of v?
5
What is the hundreds digit of 417*((-40)/15 - -3)?
1
Let i(a) = -10 + a**2 + a - 2*a**2 - 7*a + 6. Let g = -18 - -13. What is the units digit of i(g)?
1
Let k(t) = -t**3 - 4*t**2 - 3*t - 4. Let b be k(-4). Suppose -4*h = -y - b + 24, 4*h = -8. Suppose -2*g + 3*g = y. What is the units digit of g?
8
Let x = 105 + 78. What is the units digit of x?
3
Let v(d) = d**2 - 9*d + 12. What is the units digit of v(10)?
2
Suppose 4*x - a - 257 = 34, -2*a + 282 = 4*x. Let r = 105 - x. Suppose 2*f - r = -f. What is the tens digit of f?
1
Suppose 0 = -3*r + 2*r + 3. Suppose -r = f - 8. Suppose 0*p - 4*p = 2*d - 14, 1 = -f*d + 2*p. What is the units digit of d?
1
Let z(n) = -5*n - 4. Let j(y) = 55*y + 45. Let x(g) = 4*j(g) + 45*z(g). Let u be x(-3). Suppose -5*f - u = -90. What is the tens digit of f?
1
Let u(l) = -l**3 + 10*l**2 - l - 10. Let g be u(10). What is the tens digit of (g/(-6))/((-2)/(-9))?
1
Suppose -g = 4*g + 5. Let i = 0 - -2. What is the units digit of 3 + i - 1/g?
6
Suppose -1 + 5 = -2*r, -r + 7 = 3*n. Suppose 4 = -4*t - 0. What is the units digit of 4/2 + n + t?
4
Let q(m) = -m**3 + 6*m**2 + 4*m + 4. Let u be q(6). Let v = 8 - 2. Suppose 2*f + u = v*f. What is the units digit of f?
7
Suppose 6*s + 2*z = s - 285, -4*s + 3*z = 228. What is the units digit of -2*1/(6/s)?
9
Let r(p) = -9 - 3*p + 2*p + 2*p. Let z be r(10). What is the units digit of z/(-1)*-6 - -1?
7
Suppose 6*u - 4*u = 6. Let k be (3 - 7 - -3) + u. Suppose -k*h - 2*h + 3 = -o, o - 5 = 2*h. What is the units digit of o?
3
Let b(a) = a - 14. Let v(x) = 1. Let q(s) = -b(s) - 2*v(s). What is the units digit of q(8)?
4
Let u(f) = 3*f. Let k(g) = -4*g - 1. Let v(h) = 4*k(h) + 3*u(h). What is the units digit of v(-3)?
7
Suppose -3*d + 218 = 5*h, -4*d = -9*d - h + 334. What is the units digit of d?
6
Let m(f) = f**2 - 9*f - 12. Let q be m(9). What is the units digit of (q/3 - -23) + -4?
5
Let c be 8/(-20) + 17/5. Suppose -w - 1 = 0, c*s - 2*s - 14 = 4*w. What is the tens digit of (22/s)/((-5)/(-25))?
1
Suppose -3*s = -s. Suppose s = -2*d + 6*d. Suppose d = -3*o + 2*o + 9. What is the units digit of o?
9
Let w be (1 - -23)*6/8. Suppose 1 = d - 2. Suppose 0 = d*a - w. What is the units digit of a?
6
Let x(h) = -10*h - 4. What is the tens digit of x(-7)?
6
Let y(t) = -7*t**2 - 2*t - 4. Let l(h) = h**3 - h**2 - h - 1. Let q(z) = -l(z) + y(z). What is the units digit of q(-6)?
3
Let s(i) = -4*i**3 - 6*i**2 - 4*i + 6. Let o(p) = p**3 - p**2 + 1. Let r(z) = -3*o(z) - s(z). What is the units digit of r(-8)?
3
Let s = -48 + 87. Let h = -28 + s. What is the units digit of h?
1
Let s(p) = p**3 - p**2 + p + 106. What is the units digit of s(0)?
6
Suppose 0 = -5*w - 4*a + a + 12, -20 = -2*w - 5*a. Suppose 3*u = 27 - w. What is the units digit of u?
9
Let a(i) = 2*i**2 + 5*i - 2. What is the units digit of a(3)?
1
Suppose 3*h = 2 + 28. What is the tens digit of h?
1
Suppose -3*d - 4*t = -5, 3 = 2*d + 4*t + 1. Suppose -2*r - 3*r + 10 = 0. Suppose -d = -r*f - f. What is the units digit of f?
1
Let y be (-159)/(-2)*14/21. Suppose 0 = -4*w + y - 13. What is the units digit of w?
0
Let k be ((-3)/(-2))/((-3)/(-4)). Suppose -4*s + k*s = 0. Suppose -3*v - v + 44 = s. What is the units digit of v?
1
Let z(a) = -4*a + 2. Let r(t) = t - 1. Let p(i) = 3*r(i) + z(i). Let q be p(2). Let f = q + 10. What is the units digit of f?
7
Let u be 10 + 163 - (0 + -3). Suppose 3*m = -m + u. What is the units digit of m?
4
Suppose 7*x + 31 = 1270. What is the hundreds digit of x?
1
Let o = 73 - 43. Let r(f) = f**2 - 2*f - 1. Let x be r(-1). Suppose -x*s = -v + 1, s + 2*s = -2*v + o. What is the units digit of v?
9
Let n(q) = q**3 + 2*q + 109. What is the hundreds digit of n(0)?
1
Let t(m) = m**2 - m**2 + m**2 + 3 - 2*m**2. What is the units digit of t(0)?
3
Suppose 0 = -w - 3*h + 37, -3*w + 3*h + 73 = w. Let n = 29 - w. What is the units digit of n?
7
Let l(q) = q - 6. Let j be l(8). Suppose 0 = 4*x - 3*x - j. Let r = 0 + x. What is the units digit of r?
2
Suppose 381 = 10*b - 769. What is the units digit of b?
5
Let z(h) = -h - 3. Let x be z(-3). Let o be 1 - (7*-2 + x). Suppose -29 = -4*p + o. What is the tens digit of p?
1
Let w be (-230)/(-15) - 2/6. Let q = -5 + w. What is the tens digit of q?
1
Let n(v) = -50*v - 25. What is the tens digit of n(-5)?
2
Suppose 0 = 5*p - 3*n - 2*n - 355, 0 = 2*p - 4*n - 136. What is the tens digit of p?
7
Suppose -186 - 39 = -5*n. Suppose n = w + 2*w. What is the tens digit of w?
1
Let u be 3/7 + (-6096)/(-84). Let o = u + -40. What is the units digit of o?
3
Let u(r) = 6*r**2 + 7*r + 11. What is the tens digit of u(-5)?
2
Let a = 74 - 53. What is the units digit of a?
1
Let y(p) = p + 1. What is the units digit of y(0)?
1
Suppose 3*u = 7*u - 2*z - 34, -2*u + 20 = -4*z. Let d = 56 - 40. Let t = d - u. What is the units digit of t?
8
Let u(l) = -2*l - 5. Let d be u(-7). What is the tens digit of (-78)/d*3/(-2)?
1
Suppose -3 - 1 = -o + z, -o - z + 2 = 0. What is the units digit of o?
3
Suppose -3*n = -2*u - 4*n + 10, -8 = -4*u + n. Suppose o = 2*v - u*o - 16, 59 = 3*v + o. What is the units digit of v?
8
Let c(i) = i**3 + 2*i**2 - i - 1. Let l be ((-2)/4)/(5/(-40)). Let t = l + -6. What is the units digit of c(t)?
1
Suppose -2*o = -5*g + 7, 0*g - 4*o + 22 = 2*g. Suppose -2*h + 4 + 4 = -5*u, g*u = -4*h + 42. What is the units digit of h?
9
Let r = 5 - 0. Let n be (2/r)/((-4)/(-120)). Let f = 20 - n. What is the units digit of f?
8
Suppose -3*g + 38 = -22. What is the tens digit of (-4)/g + (-603)/(-15)?
4
What is the tens digit of (-11)/(44/(-120)) + 2?
3
Let p(x) = 4*x - 4. Let c be p(-4). What is the units digit of c/(-25)*(1 - -9)?
8
Let k(v) = -v. Let w be k(0). Suppose -x - 3*p + 4 + 16 = w, 5*x = 3*p + 10. Suppose -2*o - 2*y = -4, -2*o + x*y = o - 38. What is the units digit of o?
6
Suppose -z + 0*z - 3 = 0. Let d be z/15 + 99/(-5). What is the units digit of (-4)/(-10) + (-32)/d?
2
Let h = 13 - -6. Let q = 27 - h. Let i = q + -6. What is the units digit of i?
2
Suppose 10 + 4 = v. What is the tens digit of v?
1
Let g be (-5 + 1)*2/4. Suppose 3*z = -z - 32. What is the units digit of (-2)/((z/(-14))/g)?
7
Let k(m) = 2*m**2 - 8*m - 6. Let b be 3/((-3)/2 - -2). What is the tens digit of k(b)?
1
Suppose 4*y - 3*x = -10 - 2, 3*y + 5*x = 20. Suppose 2*m - 3*v = -y*v - 10, 2*v = 8. What is the units digit of m?
1
What is the units digit of (268/(-8))/(-2*3/48)?
8
Let q(y) = -y**2 + y - 4. Let d be q(3). Let b be (-132)/(-30) - (-4)/d. Suppose -2*h - 20 = -b*h. What is the units digit of h?
0
Suppose -20 = 3*z - 305. What is the units digit of z?
5
Let z(x) = -x**2 - 2*x - 3. Let f = 0 - 2. Let h be z(f). Let d = -2 - h. What is the units digit of d?
1
Suppose 2*b = j + 2, j - 3*b = -2*b - 1. Suppose j = -2*k - 9 - 7. What is the units digit of (0 + 3)*k/(-6)?
4
Let z(g) be the first derivative of g**6/120 + g**5/15 - g**4/6 + g**3 - g**2 - 2. Let h(r) be the second derivative of z(r). What is the units digit of h(-5)?
1
Let r = -40 - -21. Let o = -8 - r. What is the units digit of o?
1
Let c(v) = -10*v + 6. Let h be c(-5). What is the units digit of 0/1 - h/(-8)?
7
Let r be 20 - -1 - (1 - -2). Suppose 0 = -b - 4 + r. What is the units digit of b?
4
Suppose -2*l + 0 = -8. Suppose 2*y = 3*d + 2*d - 9, -3*y - l*d = -21. Suppose y = -j + 6. What is the units digit of j?
3
Suppose 0 = 3*o - 6*o - 18. Let k = -8 - o. What is the units digit of 1*(-8 + 2)*k?
2
Let b(f) = 2*f - 9. Let x be b(11). Let c = x - 7. What is the units digit of c?
6
Let n(j) = -j**3 + j**2 - 4*j - 1. What is the tens digit 